 remainder when o(-7) is divided by l(-3)?
4
Suppose -7*n = -9*n + 24. Suppose -2*v + 6*v - 20 = 0. What is the remainder when n is divided by v?
2
Let x(o) be the second derivative of 13*o**3/2 + o**2/2 + 2*o. Let j be x(1). Let c = -22 + j. What is the remainder when c is divided by 10?
8
Suppose 3*c + 2*s - 35 = 0, -5*c - s + 19 = -44. Calculate the remainder when 23 is divided by c.
10
Suppose -8*p = -16 - 0. What is the remainder when 4 is divided by p?
0
Let u(t) = t + 23. Let g(y) = -y + 17. Let s = -6 + 11. Calculate the remainder when u(0) is divided by g(s).
11
Suppose 3*l - 7*l = -16. Suppose l*t - 8 = -2*x + 4, -48 = -2*x + 5*t. Calculate the remainder when x is divided by 4.
2
Let l(u) be the first derivative of -u**3/3 + u**2/2 + 28*u + 1. Let w(b) = b**3 - 24*b**2 - b + 34. What is the remainder when l(0) is divided by w(24)?
8
Let f be -3*(2/6 + -2). Let m(t) = 4*t - 7. Calculate the remainder when 24 is divided by m(f).
11
Suppose -5*g + 14 = 4*i, -4*g + 3*i - 6*i + 12 = 0. Calculate the remainder when 22 is divided by g.
4
Suppose -84 + 74 = -5*l. What is the remainder when 3 is divided by l?
1
Let v = -84 - -41. Let i = -11 - v. What is the remainder when i is divided by 11?
10
Suppose 0 = 5*q + 10, 0 = -4*l - 4*q + q + 14. Suppose 0 = l*m - 64 - 16. Calculate the remainder when 30 is divided by m.
14
Let f = -376 - -627. Calculate the remainder when f is divided by 11.
9
Let x(s) = 7*s + 1. Calculate the remainder when x(4) is divided by 6.
5
Suppose 3*x + c - 26 = -c, 5*x + 2*c - 38 = 0. What is the remainder when 22 is divided by x?
4
Let p be -18 + (-3 - (0 + -1)). Suppose 0 = -3*w + 4*w - 33. What is the remainder when w is divided by 4 + 6*p/(-15)?
9
Suppose 0 = 3*l + 7 - 37. Calculate the remainder when l is divided by 7.
3
Let s(v) = -v**3 + 5*v**2 + v. Let q be s(5). Suppose -25 = -q*o + 65. Calculate the remainder when o is divided by 5.
3
Let y = -18 - -47. Suppose 2*o + 8 = 4*z, -5*o - 3*z + 24 = -2*z. Suppose x - 3*g = -o*x + 72, -2*g = -x + 13. What is the remainder when y is divided by x?
14
Suppose 2*j - 5*j + 141 = 0. Calculate the remainder when j is divided by 10.
7
Suppose 4*l - 27 - 21 = 0. What is the remainder when 22 + 0/(-1 - -4) is divided by l?
10
Let o = 9 - 23. What is the remainder when 2 + o/(-1) + -2 is divided by 5/(10/(-8)) + (-135)/(-15)?
4
Let w be (-2 - -5)*(-10)/6. Let b = w + 7. Suppose -n + 2 = -b*h, 5*h + 2*n = 7*n - 15. What is the remainder when h is divided by 1?
0
Let m(a) = 8*a - 7. Let c be m(-5). Let b = c + 68. What is the remainder when b is divided by 11?
10
Let m = -16 - -19. Calculate the remainder when 14 is divided by m.
2
Suppose -3*p = 3*k + 6, 5*p = 2*p - 15. Suppose -5*t = -9*t + 12. What is the remainder when t is divided by k?
0
Suppose 5*l + 22 - 2 = 0, 5*l + 29 = f. Suppose -4*x + 19 = -f. Calculate the remainder when x is divided by 2.
1
Let b(s) = -2*s**2 + 21*s - 9. What is the remainder when 90 is divided by b(8)?
28
Calculate the remainder when 40 - (2/(-3))/(4/6) is divided by 21.
20
Suppose 2*u + 23 = 2*j + u, -3*j - 3*u = -30. Let c = j + -6. What is the remainder when c is divided by 3?
2
Suppose -4 = -5*d + 4*d + 3*j, 3*d + j - 32 = 0. Suppose 5*w = -d, w - 4 = p + 3. Let q = 22 + p. What is the remainder when 38 is divided by q?
12
Suppose 5*b = -13 + 28. Calculate the remainder when 6 is divided by b.
0
Let c = 0 - -12. What is the remainder when (-2)/((-380)/94 - 12/(-3)) is divided by c?
11
Let m(v) be the second derivative of v**4/12 - v**2/2 - 5*v. Let l = -42 + 60. What is the remainder when m(6) is divided by l?
17
Suppose 0 = -4*l + 6*l - 28. Let i(y) = -12*y - 43. Calculate the remainder when i(-7) is divided by l.
13
Let g = 47 - 28. What is the remainder when g is divided by 7?
5
Let w = -24 + 35. Suppose d - 18 = -2*d. Calculate the remainder when w is divided by d.
5
Suppose 56 = 6*d + 8. Let c(r) = 9*r - 5*r - 3*r + 37 + r**2. Calculate the remainder when c(0) is divided by d.
5
Calculate the remainder when 35 is divided by (72/(-14))/((-14)/49).
17
Suppose -10 = -2*y, 5*k + 7*y = 3*y + 105. Calculate the remainder when k is divided by (99/(-22))/(-1 + (-1)/(-4)).
5
Let s = -27 + 40. Calculate the remainder when 54 is divided by (s/(-26))/(2/(-112)).
26
Suppose m + 1 = 10. Let s = 6 - 10. What is the remainder when s/18 + 236/m is divided by 9?
8
Suppose 4*g - 6 - 2 = 0. Suppose 4*w - 5*c + c = 176, -10 = -g*c. What is the remainder when w is divided by 17?
15
Suppose 0 = -3*g + g + 8. Suppose 7*o - g*o + 3*i - 3 = 0, -3*o + 4*i + 31 = 0. Calculate the remainder when 8 is divided by o.
3
Suppose 16 = -2*i + 6*i. Suppose v = -v + 4*z + 54, 0 = -5*v - i*z + 65. Let b(m) = -6*m - 3. What is the remainder when b(-6) is divided by v?
16
Let d(x) be the third derivative of -x**5/60 - 11*x**4/24 + 8*x**3/3 - 4*x**2. Let y(t) = -t**2 + t + 9. What is the remainder when y(0) is divided by d(-12)?
1
Let y(o) = 29*o**2 + 4*o - 1. Let c be y(-3). Suppose 4*p + 25 = 2*a + 3*p, 0 = -5*a - 5*p + 25. What is the remainder when c/14 + 26/91 is divided by a?
8
Let n = -22 - -8. Calculate the remainder when -1 - (-1 + 0) - n is divided by 8.
6
What is the remainder when 7/(21/117) - 1 is divided by 10?
8
Suppose y + 2*y - 48 = 0. Suppose 2*z + 2*z = 184. What is the remainder when z is divided by y?
14
Suppose -z + 6*z - 85 = 0. Suppose 2*y + 5*d = -1 - 10, -3*d - z = -4*y. Suppose 4*n - 36 = -4*a, n + 0 - y = 0. What is the remainder when 19 is divided by a?
5
Let a = 126 + -100. Calculate the remainder when 153 is divided by a.
23
Let l be ((-1472)/3)/(-4)*-3. Let i(s) = -s**3 - 4*s**2 + 3*s + 2. Calculate the remainder when i(-6) is divided by (-3)/(-5) + l/(-20).
18
Let k(w) = -11*w - 2. What is the remainder when k(-4) is divided by 22?
20
Suppose 0*a = 2*a - 28. Suppose 3*p - 32 = -p. Calculate the remainder when a is divided by p.
6
Let b(j) be the second derivative of j**5/20 + 3*j**4/4 + j**3 - 3*j**2/2 + 6*j. Calculate the remainder when b(-8) is divided by ((-2)/3)/((-1)/6).
1
Suppose -2 = -w + 2*w. Calculate the remainder when ((-3)/w)/((-9)/(-84)) is divided by 8.
6
Let x(j) = -j**3 + 5*j**2 + 15*j + 1. What is the remainder when x(7) is divided by 3?
2
Suppose 0 = u - 2*u. Let p(r) = -2*r + 15. Suppose 0 = -4*i + i + 24. What is the remainder when p(u) is divided by i?
7
Let l = -4 + 7. Let o = -51 + 74. What is the remainder when o is divided by -3 - (6/l + -13)?
7
Suppose 3*x - 5*x = -3*h + 5, -2*x + 5 = -h. Calculate the remainder when -2 - ((-44)/2 + 2) is divided by x.
3
Let j(i) = 15*i + 6. Let l(f) = 14*f + 5. Let o(k) = 3*j(k) - 4*l(k). What is the remainder when o(-3) is divided by 16?
15
Let r = 28 - -7. Let j(b) = b**2 - 4*b - 3. What is the remainder when r is divided by j(-2)?
8
Calculate the remainder when 59 is divided by (-2 - (-25)/15)/(2/(-126)).
17
Let h(m) = -2*m + 55. What is the remainder when h(-20) is divided by 3?
2
Let z(a) be the third derivative of a**5/60 - a**4/24 + a**3 - 2*a**2. What is the remainder when 15 is divided by z(0)?
3
Let y = -190 + 198. Calculate the remainder when 13/(2 + 1/(-1)) is divided by y.
5
Calculate the remainder when 21 is divided by ((-16)/(-6))/((-10)/(-30)).
5
Suppose -32 = -p + 3*g, 3*g - 5 = -2*g. What is the remainder when p is divided by 18?
17
Let t(n) = -n**2 - 13*n - 10. Let o be t(-10). Suppose -4*q = 8 - o. Let m(x) = x**2 - 4*x + 3. Calculate the remainder when m(5) is divided by q.
2
Suppose a - 3*k = 47, 2*a - k - 72 = -6*k. Let r = -25 + a. Calculate the remainder when 62 is divided by r.
14
Suppose 0*y = 5*y + 5. Let g be (5/15)/((-3)/(-9)). Let z = g - y. Calculate the remainder when z is divided by 2.
0
Let r be 2/(-3 + 4 - 0). Calculate the remainder when 3/r + (-97)/(-2) is divided by 17.
16
Suppose 4*x - 198 = -4*a + x, -4*a + 184 = -4*x. Calculate the remainder when a is divided by 17.
14
Let h = 26 - -16. What is the remainder when h is divided by 106/10 - 10/(-25)?
9
Let u be 195/12 + 2/(-8). Let f be (3 - 1)/(8/76). Let a = f + u. Calculate the remainder when a is divided by 12.
11
Suppose 5*b = 4*s - s - 22, 2 = -b. Calculate the remainder when s is divided by (-2)/3*(-18)/4.
1
What is the remainder when (3 - 2)/((-3)/(-111)) is divided by 13?
11
Let g(x) =